{"id":135,"date":"2019-12-23T19:34:02","date_gmt":"2019-12-23T18:34:02","guid":{"rendered":"http:\/\/www.siegfried-lory.de\/IFAK\/?page_id=135"},"modified":"2024-03-17T19:07:20","modified_gmt":"2024-03-17T18:07:20","slug":"dvds","status":"publish","type":"page","link":"https:\/\/www.siegfried-lory.de\/?page_id=135","title":{"rendered":"DVD\u00b4s"},"content":{"rendered":"\t\t<div data-elementor-type=\"wp-page\" data-elementor-id=\"135\" class=\"elementor elementor-135\">\n\t\t\t\t\t\t<section class=\"elementor-section elementor-top-section elementor-element elementor-element-c88cccd elementor-section-boxed elementor-section-height-default elementor-section-height-default\" data-id=\"c88cccd\" data-element_type=\"section\" data-e-type=\"section\">\n\t\t\t\t\t\t<div class=\"elementor-container elementor-column-gap-default\">\n\t\t\t\t\t<div class=\"elementor-column elementor-col-100 elementor-top-column elementor-element elementor-element-fe3ad45\" data-id=\"fe3ad45\" data-element_type=\"column\" data-e-type=\"column\">\n\t\t\t<div class=\"elementor-widget-wrap elementor-element-populated\">\n\t\t\t\t\t\t<div class=\"elementor-element elementor-element-872e9c1 elementor-position-left elementor-vertical-align-top elementor-widget elementor-widget-image-box\" data-id=\"872e9c1\" data-element_type=\"widget\" data-e-type=\"widget\" data-widget_type=\"image-box.default\">\n\t\t\t\t<div class=\"elementor-widget-container\">\n\t\t\t\t\t<div class=\"elementor-image-box-wrapper\"><figure class=\"elementor-image-box-img\"><img decoding=\"async\" src=\"https:\/\/www.siegfried-lory.de\/wp-content\/uploads\/elementor\/thumbs\/DVD-JuJitsu1-200-oiz1172y4bklmvlqt0u4rvd23d2t6jehu4e93f6fpc.jpg\" title=\"DVD-JuJitsu1-200\" alt=\"DVD-JuJitsu1-200\" loading=\"lazy\" \/><\/figure><div class=\"elementor-image-box-content\"><h3 class=\"elementor-image-box-title\">DVD Ju Jitsu 1 <\/h3><p class=\"elementor-image-box-description\">DVD Moderne Selbstverteidigung Ju Jitsu 1. Gezeigt werden die Fallschule, Hebelkombinationen, Verteidigung gegen: Fassen des Handgelenks, W\u00fcrgeangriff, Umklammerung, Griff an die Jacke, Schwitzkasten, Haarefassen, Faustangriff und die Verteidigung in der Bodenlage. Au\u00dferdem wird eine Kombination von Festlegetechniken demonstriert. Laufzeit 50 Min., FSK o. Ab..\n\n25,00 EUR<\/p><\/div><\/div>\t\t\t\t<\/div>\n\t\t\t\t<\/div>\n\t\t\t\t<div class=\"elementor-element elementor-element-3302468 elementor-position-left elementor-vertical-align-top elementor-widget elementor-widget-image-box\" data-id=\"3302468\" data-element_type=\"widget\" data-e-type=\"widget\" data-widget_type=\"image-box.default\">\n\t\t\t\t<div class=\"elementor-widget-container\">\n\t\t\t\t\t<div class=\"elementor-image-box-wrapper\"><figure class=\"elementor-image-box-img\"><img decoding=\"async\" src=\"https:\/\/www.siegfried-lory.de\/wp-content\/uploads\/elementor\/thumbs\/DVD-JuJitsu2-200-oiz1172y4bklmvlqt0u4rvd23d2t6jehu4e93f6fpc.jpg\" title=\"DVD-JuJitsu2-200\" alt=\"DVD-JuJitsu2-200\" loading=\"lazy\" \/><\/figure><div class=\"elementor-image-box-content\"><h3 class=\"elementor-image-box-title\">DVD Ju Jitsu 2<\/h3><p class=\"elementor-image-box-description\">DVD Moderne Selbstverteidigung Ju Jitsu 2. Es werden waffenlose Verteidigungen gegen die folgenden Angriffe demonstriert: Doppelnelson, Strangulation, Fu\u00dftritt, Messerangriff, Stockschlag, Pistolenbedrohung und Abwehren von mehreren Angreifern. Au\u00dferdem Verteidigung mit einem Spazierstock gegen: Fassen des Handgelenks, Stockentwenden, Griff an die Jacke, Umklammerung, Fu\u00dftritt, Faustangriffe, Stockschl\u00e4ge, Stockstich und W\u00fcrgen. Laufzeit 50 Min., FSK o. Ab..\n\n25,00 EUR\n\n<\/p><\/div><\/div>\t\t\t\t<\/div>\n\t\t\t\t<\/div>\n\t\t\t\t<div class=\"elementor-element elementor-element-ab0d1a7 elementor-position-left elementor-vertical-align-top elementor-widget elementor-widget-image-box\" data-id=\"ab0d1a7\" data-element_type=\"widget\" data-e-type=\"widget\" data-widget_type=\"image-box.default\">\n\t\t\t\t<div class=\"elementor-widget-container\">\n\t\t\t\t\t<div class=\"elementor-image-box-wrapper\"><figure class=\"elementor-image-box-img\"><img decoding=\"async\" src=\"https:\/\/www.siegfried-lory.de\/wp-content\/uploads\/elementor\/thumbs\/SV_Fortg_2-q573enx5m5aag2gdvwlmz20mmtkshgc3bznt6bezuo.jpg\" title=\"SV_Fortg_2\" alt=\"SV_Fortg_2\" loading=\"lazy\" \/><\/figure><div class=\"elementor-image-box-content\"><h3 class=\"elementor-image-box-title\">DVD Selbstverteidigung f\u00fcr Fortgeschrittene<\/h3><p class=\"elementor-image-box-description\">Selbstverteidigung f\u00fcr Fortgeschrittene Teil 2: 15,00 EUR.<\/p><\/div><\/div>\t\t\t\t<\/div>\n\t\t\t\t<\/div>\n\t\t\t\t<div class=\"elementor-element elementor-element-32e2b3c elementor-widget-divider--view-line elementor-widget elementor-widget-divider\" data-id=\"32e2b3c\" data-element_type=\"widget\" data-e-type=\"widget\" data-widget_type=\"divider.default\">\n\t\t\t\t<div class=\"elementor-widget-container\">\n\t\t\t\t\t\t\t<div class=\"elementor-divider\">\n\t\t\t<span class=\"elementor-divider-separator\">\n\t\t\t\t\t\t<\/span>\n\t\t<\/div>\n\t\t\t\t\t\t<\/div>\n\t\t\t\t<\/div>\n\t\t\t\t<section class=\"elementor-section elementor-inner-section elementor-element elementor-element-9be0fda elementor-section-boxed elementor-section-height-default elementor-section-height-default\" data-id=\"9be0fda\" data-element_type=\"section\" data-e-type=\"section\">\n\t\t\t\t\t\t<div class=\"elementor-container elementor-column-gap-default\">\n\t\t\t\t\t<div class=\"elementor-column elementor-col-33 elementor-inner-column elementor-element elementor-element-68c5fa3\" data-id=\"68c5fa3\" data-element_type=\"column\" data-e-type=\"column\">\n\t\t\t<div class=\"elementor-widget-wrap\">\n\t\t\t\t\t\t\t<\/div>\n\t\t<\/div>\n\t\t\t\t<div class=\"elementor-column elementor-col-33 elementor-inner-column elementor-element elementor-element-e55a73c\" data-id=\"e55a73c\" data-element_type=\"column\" data-e-type=\"column\">\n\t\t\t<div class=\"elementor-widget-wrap elementor-element-populated\">\n\t\t\t\t\t\t<div class=\"elementor-element elementor-element-31786d0 elementor-widget elementor-widget-text-editor\" data-id=\"31786d0\" data-element_type=\"widget\" data-e-type=\"widget\" data-widget_type=\"text-editor.default\">\n\t\t\t\t<div class=\"elementor-widget-container\">\n\t\t\t\t\t\t\t\t\t<p style=\"text-align: center;\"><span style=\"color: #d7d7d7;\"><strong><a style=\"color: #d7d7d7;\" href=\"https:\/\/www.siegfried-lory.de\/Dok\/Bestellliste-2023-04.pdf\" target=\"_blank\" rel=\"noopener\">Bestellliste zum Download <span style=\"text-decoration: underline;\">hier<\/span><\/a><\/strong><\/span><\/p>\t\t\t\t\t\t\t\t<\/div>\n\t\t\t\t<\/div>\n\t\t\t\t<div class=\"elementor-element elementor-element-2d4ac12 elementor-widget elementor-widget-image\" data-id=\"2d4ac12\" data-element_type=\"widget\" data-e-type=\"widget\" data-widget_type=\"image.default\">\n\t\t\t\t<div class=\"elementor-widget-container\">\n\t\t\t\t\t\t\t\t\t\t\t\t\t\t\t\t<a href=\"https:\/\/www.siegfried-lory.de\/Dok\/Bestellliste-2023-04.pdf\" target=\"_blank\">\n\t\t\t\t\t\t\t<img decoding=\"async\" src=\"https:\/\/www.siegfried-lory.de\/wp-content\/uploads\/elementor\/thumbs\/Bestellliste-2023-04-q573pxzgq1lavp4hf6qe22l92q9my79unboi5j72ie.png\" title=\"Bestellliste-2023-04\" alt=\"Bestellliste-2023-04\" loading=\"lazy\" \/>\t\t\t\t\t\t\t\t<\/a>\n\t\t\t\t\t\t\t\t\t\t\t\t\t\t\t<\/div>\n\t\t\t\t<\/div>\n\t\t\t\t\t<\/div>\n\t\t<\/div>\n\t\t\t\t<div class=\"elementor-column elementor-col-33 elementor-inner-column elementor-element elementor-element-036927d\" data-id=\"036927d\" data-element_type=\"column\" data-e-type=\"column\">\n\t\t\t<div class=\"elementor-widget-wrap\">\n\t\t\t\t\t\t\t<\/div>\n\t\t<\/div>\n\t\t\t\t\t<\/div>\n\t\t<\/section>\n\t\t\t\t\t<\/div>\n\t\t<\/div>\n\t\t\t\t\t<\/div>\n\t\t<\/section>\n\t\t\t\t<\/div>\n\t\t","protected":false},"excerpt":{"rendered":"<p>DVD Ju Jitsu 1 DVD Moderne Selbstverteidigung Ju Jitsu 1. Gezeigt werden die Fallschule, Hebelkombinationen, Verteidigung gegen: Fassen des Handgelenks, W\u00fcrgeangriff, Umklammerung, Griff an die Jacke, Schwitzkasten, Haarefassen, Faustangriff und die Verteidigung in der Bodenlage. Au\u00dferdem wird eine Kombination von Festlegetechniken demonstriert. Laufzeit 50 Min., FSK o. Ab.. 25,00 EUR DVD Ju Jitsu 2 DVD &hellip; <\/p>\n<p class=\"link-more\"><a href=\"https:\/\/www.siegfried-lory.de\/?page_id=135\" class=\"more-link\"><span class=\"screen-reader-text\">\u201eDVD\u00b4s\u201c <\/span>weiterlesen<\/a><\/p>\n","protected":false},"author":1,"featured_media":0,"parent":0,"menu_order":0,"comment_status":"closed","ping_status":"closed","template":"","meta":{"footnotes":""},"class_list":["post-135","page","type-page","status-publish","hentry"],"_links":{"self":[{"href":"https:\/\/www.siegfried-lory.de\/index.php?rest_route=\/wp\/v2\/pages\/135","targetHints":{"allow":["GET"]}}],"collection":[{"href":"https:\/\/www.siegfried-lory.de\/index.php?rest_route=\/wp\/v2\/pages"}],"about":[{"href":"https:\/\/www.siegfried-lory.de\/index.php?rest_route=\/wp\/v2\/types\/page"}],"author":[{"embeddable":true,"href":"https:\/\/www.siegfried-lory.de\/index.php?rest_route=\/wp\/v2\/users\/1"}],"replies":[{"embeddable":true,"href":"https:\/\/www.siegfried-lory.de\/index.php?rest_route=%2Fwp%2Fv2%2Fcomments&post=135"}],"version-history":[{"count":39,"href":"https:\/\/www.siegfried-lory.de\/index.php?rest_route=\/wp\/v2\/pages\/135\/revisions"}],"predecessor-version":[{"id":1644,"href":"https:\/\/www.siegfried-lory.de\/index.php?rest_route=\/wp\/v2\/pages\/135\/revisions\/1644"}],"wp:attachment":[{"href":"https:\/\/www.siegfried-lory.de\/index.php?rest_route=%2Fwp%2Fv2%2Fmedia&parent=135"}],"curies":[{"name":"wp","href":"https:\/\/api.w.org\/{rel}","templated":true}]}}